de 2452498?
False
Is 883424 a multiple of 14?
False
Is 78 a factor of 296946?
True
Is 5 a factor of 976151?
False
Is 131 a factor of 8885337?
True
Is 478 a factor of 36772540?
True
Is 938 a factor of 2101120?
True
Is 41 a factor of 2424?
False
Does 475 divide 613001?
False
Is 81354 a multiple of 42?
True
Is 142782 a multiple of 53?
True
Is 447 a factor of 3422939?
False
Is 3758352 a multiple of 317?
True
Is 224 a factor of 99008?
True
Is 87564 a multiple of 4?
True
Is 201 a factor of 13940556?
True
Is 66 a factor of 65274?
True
Does 2 divide 193891?
False
Does 10 divide 423831?
False
Does 894 divide 7050978?
True
Is 941250 a multiple of 150?
True
Is 908636 a multiple of 3?
False
Does 70 divide 172737?
False
Is 1230720 a multiple of 40?
True
Does 41 divide 504595?
False
Is 10284255 a multiple of 62?
False
Does 5 divide 78405?
True
Is 4146138 a multiple of 50?
False
Does 12 divide 90024?
True
Is 953 a factor of 2743570?
False
Does 45 divide 507174?
False
Is 3263858 a multiple of 38?
True
Does 7 divide 55055?
True
Does 7 divide 1738456?
False
Does 316 divide 16432?
True
Does 91 divide 4621?
False
Does 16 divide 2812576?
True
Is 6 a factor of 198181?
False
Does 69 divide 230677?
False
Is 3 a factor of 3063260?
False
Does 484 divide 75020?
True
Does 75 divide 157200?
True
Is 226 a factor of 24322?
False
Is 535 a factor of 148195?
True
Does 11 divide 972466?
True
Is 54 a factor of 2568922?
False
Does 3 divide 100321?
False
Is 16 a factor of 860352?
True
Does 85 divide 173910?
True
Is 47 a factor of 567807?
True
Does 217 divide 299728?
False
Does 635 divide 8152346?
False
Is 39352 a multiple of 48?
False
Is 29 a factor of 1096635?
True
Does 585 divide 4023450?
False
Is 44733 a multiple of 403?
True
Does 41 divide 15321?
False
Is 576 a factor of 6105255?
False
Does 98 divide 2008972?
False
Is 19270292 a multiple of 32?
False
Is 811876 a multiple of 13?
True
Is 46464 a multiple of 132?
True
Is 5428538 a multiple of 107?
True
Is 674883 a multiple of 129?
False
Is 3486646 a multiple of 465?
False
Is 3 a factor of 105297?
True
Does 64 divide 1180032?
True
Is 320 a factor of 5431882?
False
Is 1023 a factor of 2299554?
False
Is 13883 a multiple of 154?
False
Is 37 a factor of 1568005?
False
Is 51 a factor of 6206751?
True
Is 534 a factor of 402636?
True
Is 333 a factor of 174916?
False
Is 83028 a multiple of 7?
False
Does 225 divide 2241972?
False
Is 156869 a multiple of 103?
True
Does 34 divide 854454?
True
Is 17535 a multiple of 21?
True
Is 16 a factor of 1167952?
True
Is 393398 a multiple of 23?
False
Is 7 a factor of 73458?
True
Is 552672 a multiple of 48?
True
Is 2 a factor of 32677?
False
Is 4870824 a multiple of 7?
True
Does 353 divide 174774?
False
Does 27 divide 5486859?
True
Is 11 a factor of 29612?
True
Is 13 a factor of 144664?
True
Is 115599 a multiple of 148?
False
Is 489324 a multiple of 6?
True
Does 55 divide 3729450?
False
Is 3570 a multiple of 30?
True
Is 167732 a multiple of 38?
True
Does 451 divide 4051333?
True
Is 14 a factor of 144438?
True
Is 1616751 a multiple of 153?
True
Is 49604 a multiple of 28?
False
Does 41 divide 50799?
True
Is 9 a factor of 31023?
True
Is 13917131 a multiple of 287?
False
Does 26 divide 967799?
False
Does 33 divide 2401509?
True
Is 8819899 a multiple of 7?
False
Is 506290 a multiple of 7?
False
Is 227 a factor of 48351?
True
Is 497 a factor of 18731930?
True
Does 5 divide 2093245?
True
Is 53124 a multiple of 57?
True
Is 19126 a multiple of 85?
False
Is 449 a factor of 2251960?
False
Is 92004 a multiple of 492?
True
Does 354 divide 1577064?
False
Is 1184 a factor of 6598645?
False
Is 26 a factor of 1459712?
False
Is 527 a factor of 2049327?
False
Is 7 a factor of 17269?
True
Is 609684 a multiple of 2?
True
Is 3 a factor of 11545?
False
Is 7156 a multiple of 3?
False
Does 14 divide 15372?
True
Does 2 divide 955?
False
Does 53 divide 580828?
False
Does 18 divide 570262?
False
Is 42 a factor of 1007790?
True
Does 25 divide 366600?
True
Is 59 a factor of 303850?
True
Is 14068 a multiple of 26?
False
Is 17 a factor of 19057?
True
Is 17 a factor of 15753016?
True
Does 198 divide 276940?
False
Does 272 divide 208847?
False
Is 168 a factor of 5383056?
True
Is 5 a factor of 4772258?
False
Is 364 a factor of 1008407?
False
Does 257 divide 57506?
False
Does 13 divide 17882439?
False
Does 9 divide 550958?
False
Does 119 divide 10710476?
True
Is 40324 a multiple of 2?
True
Is 29890546 a multiple of 28?
False
Does 555 divide 8336655?
True
Is 57962 a multiple of 11?
False
Is 15 a factor of 5854995?
True
Does 23 divide 139493?
False
Is 67 a factor of 320193?
True
Is 971 a factor of 7107720?
True
Is 12 a factor of 692820?
True
Is 12687486 a multiple of 2062?
True
Is 102428 a multiple of 65?
False
Is 58926 a multiple of 21?
True
Does 7 divide 11212?
False
Is 8 a factor of 441148?
False
Is 35 a factor of 130270?
True
Is 2180002 even?
True
Does 41 divide 69700?
True
Does 184 divide 1349706?
False
Does 3 divide 18085?
False
Does 36 divide 3552231?
False
Does 25 divide 26656?
False
Is 100104 a multiple of 129?
True
Is 204 a factor of 654840?
True
Does 101 divide 283183?
False
Is 1292928 a multiple of 273?
True
Is 4487784 a multiple of 168?
True
Does 14 divide 180082?
True
Is 20 a factor of 120577?
False
Is 141 a factor of 664533?
True
Does 244 divide 297924?
True
Is 9815624 a multiple of 973?
True
Does 423 divide 2609942?
False
Is 15 a factor of 30559?
False
Is 408 a factor of 742152?
True
Is 12 a factor of 2192088?
True
Is 2088632 a multiple of 28?
True
Is 924421 even?
False
Does 10 divide 120981?
False
Is 412 a factor of 345668?
True
Is 110 a factor of 297000?
True
Does 51 divide 123114?
True
Is 182 a factor of 312912?
False
Is 21 a factor of 199665?
False
Does 13 divide 9051219?
False
Is 28 a factor of 4278258?
False
Is 1104 a factor of 9241584?
True
Is 109 a factor of 64720?
False
Does 44 divide 3066888?
True
Is 32 a factor of 313824?
True
Does 71 divide 2542013?
True
Is 45 a factor of 830904?
False
Is 29 a factor of 347014?
True
Is 93 a factor of 497085?
True
Is 10 a factor of 4939104?
False
Is 344246 a multiple of 67?
True
Is 4185 a multiple of 3?
True
Is 1748991 a multiple of 7?
False
Is 109714 a multiple of 76?
False
Does 58 divide 132774?
False
Is 42742 a multiple of 142?
True
Is 176003 a multiple of 8?
False
Does 44 divide 4034844?
True
Is 14108400 a multiple of 600?
True
Does 15 divide 656145?
True
Does 4 divide 884158?
False
Does 95 divide 77529?
False
Is 7 a factor of 3727517?
False
Is 473743 a multiple of 406?
False
Is 158834 a multiple of 3?
False
Does 17 divide 389051?
False
Is 110 a factor of 1691470?
True
Is 42252 a multiple of 3?
True
Is 58 a factor of 3825517?
False
Does 113 divide 2274238?
True
Is 116 a factor of 4676076?
True
Does 206 divide 21200?
False
Is 279354 a multiple of 6?
True
Is 20532 a multiple of 58?
True
Is 14591 a multiple of 2?
False
Is 2587881 a multiple of 404?
False
Is 31 a factor of 33222?
False
Is 206 a factor of 8819?
False
Is 1095658 a multiple of 526?
True
Does 33 divide 158697?
True
Is 132 a factor of 2751408?
True
Is 197583 a multiple of 9?
False
Does 1036 divide 4614429?
False
Does 140 divide 522957?
False
Is 2531373 a multiple of 2?
False
Is 604257 a multiple of 19?
True
Does 1257 divide 13398072?
False
Does 7 divide 465647?
True
Does 199 divide 195219?
True
Is 270578 a multiple of 539?
True
Is 347412 a multiple of 442?
True
Does 221 divide 1074160?
False
Is 21 a factor of 4645893?
True
Does 43 divide 12171839?
False
Does 30 divide 7627057?
False
Does 7 divide 5482593?
False
Is 255 a factor of 3685404?
False
Does 227 divide 2623863?
False
Does 12 divide 80148?
True
Is 40752 a multiple of 144?
True
Does 322 divide 28658?
True
Is 36 a factor of 574452?
True
Is 94 a factor of 322890?
True
Is 167 a factor of 1592408?
False
Is 1083594 a multiple of 59?
True
Does 298 divide 107317?
False
Is 2 a factor of 13598?
True
Is 9 a factor of 3089?
False
Does 160 divide 6493760?
True
Is 192 a factor of 218304?
True
Is 20855 a multiple of 97?
True
Is 64152 a multiple of 12?
True
Is 18 a factor of 811944?
True
Is 398 a factor of 621676?
True
Is 5207594 a multiple of 14?
True
Does 577 divide 160406?
True
Is 129 a factor of 14796?
False
Is 24112 a multiple of 44?
True
Does 38 divide 14038890?
False